n r is divided by 4.
2
Let h(f) = -f**2 + 5*f - 1. Let k be h(3). Let n be (-4)/14 - (-228)/14. Suppose n = 4*a, 2*a = -g + k*g + 4. What is the remainder when 1 is divided by g?
0
Let o = 9 - 3. Let z be (-1 + o)*16/(-20). Let j = z - -35. Calculate the remainder when j is divided by 8.
7
Suppose 20 = 4*w - 2*g, -5*w = 8*g - 3*g - 40. What is the remainder when 27 is divided by w?
3
Let g be ((-10)/25)/((-1)/5). Suppose 2*d + 36 = g*s, 8*d + 20 = 4*d. Calculate the remainder when s is divided by 5.
3
Let u(v) = v**2 - 7*v + 6. Let s(f) = -f**3 - 6*f**2 + 5*f - 8. Let b be s(-7). Let d be u(b). What is the remainder when 50 is divided by (11 - -2) + (d - 0)?
11
Let i(b) = -6*b + 1. What is the remainder when 36 is divided by i(-2)?
10
Let k be (-1 + -12)*(-13 + 12). Let a be 94/10 + (-4)/10. Let b = k - a. What is the remainder when b is divided by 2?
0
Suppose k - f = -2*f + 19, 3*f = 5*k - 103. Let l(d) = d**3 - 7*d**2 - 6*d - 9. Calculate the remainder when k is divided by l(8).
6
Let h(a) be the first derivative of 5*a**3/3 - a**2 - 2*a + 2. Calculate the remainder when 37 is divided by h(2).
9
Let a = 21 - 1. Calculate the remainder when 77 is divided by a.
17
Let b(y) = -6*y - 11. Let u be b(-6). Let g = -9 + u. Let f(s) = -s**3 - 5*s**2 - 6*s - 9. Calculate the remainder when f(-6) is divided by g.
15
Suppose -2*q + 4*w - 1 + 21 = 0, -3*q = 4*w - 60. Suppose -2*d = 2 - q. Calculate the remainder when 26 is divided by 2 + d + (0 - 0).
8
Suppose -z - z = 30. Let j = 19 + z. What is the remainder when 18/2 - 1*2 is divided by j?
3
Let d = 33 + -31. What is the remainder when 11 is divided by d?
1
Let b(k) = -k**3 + 5*k**2 + 8*k + 3. Let v = 7 + -1. What is the remainder when b(v) is divided by 9?
6
Suppose -n + 34 = 3. Suppose g + 1 = 4*p, -1 + 5 = -g + 5*p. Calculate the remainder when n is divided by g.
9
Suppose -24 = -8*y + 5*y. Suppose -1 = 5*m - 5*d + 4, -m = -2*d + 4. What is the remainder when (-43)/(-3) + m/(-6) is divided by y?
6
Suppose -2*r - 3*h - 5 = -20, -25 = -3*r - 5*h. Suppose r*x + x = -3. What is the remainder when x - -48 - (-2)/1 is divided by 16?
15
Let v(z) = -z**3 - 7*z**2 + 8*z - 2. Let o be v(-8). Let b be o/(-8) - 51/12. What is the remainder when 29 is divided by 30/b*(-12)/9?
9
Suppose -5*u + 25 = 4*r + 2, -2*r - 2*u = -10. Let s(q) = 2*q**2 + 3*q - 3. What is the remainder when s(r) is divided by 7?
4
Let a(u) = 7*u**2 + u - 1. Let d be a(1). Let w = d + -1. Calculate the remainder when 11 is divided by w.
5
Let p = 6 - 2. Suppose -5 = -2*r - 3, 0 = -p*d - 5*r + 81. Let l = 35 + d. What is the remainder when l is divided by 28?
26
Let s be 5*(27/15)/3. Suppose -s*f + 33 = -2*f. Let z(v) = -17*v. Calculate the remainder when f is divided by z(-1).
16
Let u = 123 + -110. Let v(r) = -r**2 + 4*r. What is the remainder when u is divided by v(3)?
1
Suppose 5*f = -2*a + a + 17, 5*f = -15. Suppose 4*r + 2*s = 4*s + 38, 2*s = -3*r + a. What is the remainder when 18 is divided by r?
8
Suppose 5*x + 1 = d, 2*d - 2 = -3*x - 2*x. Suppose b = 3*u + 2, 2*u = -2*b - d + 13. What is the remainder when 13 is divided by b?
3
Let c(b) = -2*b - 17. Let j be c(-7). Suppose 0 = 2*o + 3*u - 5*u + 22, -20 = -5*u. Let i = j - o. Calculate the remainder when i is divided by 3.
1
Suppose 18*s - 13*s - 35 = 0. What is the remainder when 26 is divided by s?
5
Suppose 0 = 4*p + 5*b - 2*b - 78, 5*p + 5*b - 95 = 0. What is the remainder when p is divided by 8?
5
Suppose -4*a = -1 + 41. Let p be (5/a)/(2/4). Let u = p - -3. Calculate the remainder when u is divided by 2.
0
Let m = -116 + 175. Calculate the remainder when m is divided by 15.
14
Suppose 5*k = 3*m - 4*m + 36, 1 = m. Calculate the remainder when 111 is divided by k.
6
What is the remainder when 4/(30/(-2 - -7))*6 is divided by 2 + (-1 - -2)/1?
1
Suppose 0 = 2*d - 4 + 2. Let i(g) = g**2 - 4*g - 4. Let s be i(5). What is the remainder when 47 is divided by d/1 - (s - 16)?
15
Suppose -104 = -5*r + 1. Suppose -11 = -3*j + 2*q, 0*q + 21 = 5*j - 2*q. Calculate the remainder when ((-16)/j)/(8/(-100)) is divided by r.
19
Suppose 2*k = -2*r - 0*k + 8, 5*r = -4*k + 21. Suppose -r*c = 3*b - 141, 2*b - c = -4*c + 93. What is the remainder when b is divided by 11?
9
Suppose -l + 2*h = -3*h - 2, 2*l - 2*h + 20 = 0. Let r = l + 25. Calculate the remainder when r is divided by 7.
5
Calculate the remainder when 4/(-6) - (-53)/3 is divided by 1 + (3 - 4) + 5.
2
Let j(k) = -2*k - 2 - k**2 + 3 + 3*k**2. Let y be j(3). Suppose 3*m - 2*m - y = -3*l, 4*l - 29 = -3*m. Calculate the remainder when m is divided by 3.
1
Let a(p) = p**2 + 6*p + 6. Let r be (-4)/10 - 23/5. Let u be a(r). Let j(k) = 9*k**3 - 2*k**2 + 2*k - 1. What is the remainder when 22 is divided by j(u)?
6
Suppose -c + 30 = -71. Calculate the remainder when c is divided by 35.
31
Calculate the remainder when -2*179*22/(-44) is divided by 18.
17
Let w(a) = 9*a**3 + 3*a**2 - 11*a + 3. Let y(q) = -5*q**3 - 2*q**2 + 6*q - 2. Let z(d) = 3*w(d) + 5*y(d). Calculate the remainder when z(3) is divided by 9.
8
Suppose -52 = 3*r - 7*r. Let o = 90 + -85. What is the remainder when r is divided by o?
3
Suppose 6*t - 14*t + 16 = 0. What is the remainder when 2 is divided by t?
0
Suppose -z + 401 = 3*u, 0*u = 3*u + 5*z - 397. What is the remainder when u is divided by 23?
19
Suppose -4*p - m + 68 = 0, 6*p = p - 5*m + 70. Suppose 49 = -3*h - 26. Let i = 60 + h. Calculate the remainder when i is divided by p.
17
Suppose 2*z + 4*p = 34, 0 = -0*z - z - 3*p + 17. Calculate the remainder when 48 is divided by z.
14
Let d(b) = -3*b - 5. What is the remainder when 62 is divided by d(-9)?
18
Suppose -2*x + 13 + 25 = 0. Let s = 34 - x. Calculate the remainder when 59 is divided by s.
14
Let f(g) = g**3 + 2*g**2 - 3. Calculate the remainder when 24 is divided by f(2).
11
Let a = 11 + -7. Suppose -5*p + 21 = 2*u, 3 = -a*u - 5*p + 40. Calculate the remainder when 34 is divided by (u/(-6))/2*-18.
10
Let u = -31 - -78. Calculate the remainder when u is divided by 12.
11
Let i be (-5)/(-3*2/(-36)). Let r = 22 - i. Suppose -3*q + r = f, 4*f + 100 = 5*q + 2. What is the remainder when 52 is divided by q?
16
Let w(n) = -n**2 + 5*n - 1. Let s be w(4). Suppose 112 = s*l + 4. Suppose 3*m + m = l. Calculate the remainder when m is divided by 5.
4
Let i = -21 - -18. Let g(h) = -h**3 - 3*h**2 + 2. Calculate the remainder when 7 is divided by g(i).
1
What is the remainder when (2 - 1)/(6/1044) is divided by 35?
34
Let m(o) = 4*o - 2. Let q be m(4). Let l = -5 + q. Calculate the remainder when 22 is divided by 6/l - 22/(-3).
6
Suppose -s = w - 19, 4*w + 61 = 7*w + s. Suppose -49 + 226 = 3*a. Calculate the remainder when a is divided by w.
17
Let t(n) be the first derivative of n**3/3 + n**2/2 - 2*n + 7. Suppose -k + 4 = -2. What is the remainder when k is divided by t(2)?
2
Let j(c) be the third derivative of -c**4/24 - 2*c**3/3 - c**2. Let a(h) = -h - 6. What is the remainder when j(-6) is divided by a(-7)?
0
Let a = -30 - -48. Calculate the remainder when a is divided by 10.
8
Suppose 0 = -3*r + 5*r - 42. Let d = 45 - r. Let p(f) = -18*f - 19. Calculate the remainder when p(-5) is divided by d.
23
Let l be (1 - 0) + 1/(-1). Suppose k + 4 - 44 = l. Calculate the remainder when k is divided by 14.
12
Suppose -396 + 78 = -6*h. Calculate the remainder when h is divided by 9.
8
Let i(a) = 0*a**2 + 9*a - 3*a**2 - 4 + 3 + 2*a**2. Let z = -13 - -20. What is the remainder when i(z) is divided by 7?
6
What is the remainder when 57 is divided by ((-18)/(-8))/(12/80)?
12
Let w(a) = a**2 + 11*a + 26. What is the remainder when 38 is divided by w(-9)?
6
Suppose 0*u + 2*u = -d + 25, -125 = -5*d - 5*u. Let r = 5 + 4. Calculate the remainder when d is divided by r.
7
Let h = 74 + -46. Let w = h - 11. What is the remainder when 66 is divided by w?
15
Let j be (-1090)/(-7) - (-14)/49. Calculate the remainder when 38 is divided by j/(-8)*2/(-3).
12
Suppose -4 + 22 = 2*s. Let q(d) = d**3 - 9*d**2 + 3*d - 11. Calculate the remainder when 79 is divided by q(s).
15
Let g be -1 + 2 + -1 - -6. Suppose -2*p + 154 = 12*p. Calculate the remainder when p is divided by -2 - 1*(-2 - g).
5
What is the remainder when 32 is divided by (-4 + 3)/((-1)/11)?
10
Let x(a) = -a**3 + 6*a**2 + 3. Let s be x(6). Supp